
95
What is the highest common divisor of 228530145 and 19705?
2815
What is the greatest common divisor of 889184 and 21779?
751
Calculate the highest common factor of 426477701 and 91.
13
Calculate the highest common divisor of 8938692 and 2772.
252
What is the greatest common factor of 205747 and 3968?
31
Calculate the greatest common factor of 162732 and 1402131.
573
Calculate the greatest common factor of 7598440 and 100.
20
Calculate the greatest common divisor of 5945 and 569367.
41
Calculate the greatest common divisor of 876347 and 4661.
79
What is the greatest common divisor of 8813224 and 258251?
3269
Calculate the highest common divisor of 1000 and 887896.
8
Calculate the greatest common divisor of 192579820 and 6080.
380
Calculate the highest common divisor of 7783 and 3632127.
181
Calculate the greatest common factor of 30273949 and 41.
41
What is the greatest common factor of 3177 and 449272278?
3177
Calculate the greatest common divisor of 219501 and 74849.
841
What is the greatest common factor of 15840 and 511764?
132
Calculate the greatest common divisor of 47997852 and 1764.
588
What is the greatest common factor of 6360 and 4468536?
1272
Calculate the greatest common factor of 2745 and 334124145.
2745
Calculate the highest common divisor of 153 and 20920523.
17
What is the greatest common divisor of 23636 and 515584?
76
Calculate the highest common divisor of 4511 and 8735378.
347
Calculate the greatest common factor of 3 and 9981717.
3
What is the highest common divisor of 210 and 27288390?
30
Calculate the highest common divisor of 24526084 and 396.
44
What is the highest common divisor of 12838782 and 1331?
11
What is the greatest common divisor of 720225 and 36?
9
What is the highest common factor of 2126 and 33355877?
1063
Calculate the greatest common factor of 5680291 and 1834.
131
Calculate the greatest common divisor of 48471 and 91806.
321
What is the highest common divisor of 801 and 8304145?
89
What is the highest common divisor of 108586342 and 10952?
2738
Calculate the greatest common divisor of 108 and 195460191.
9
What is the greatest common divisor of 5124 and 1145092?
244
Calculate the highest common divisor of 12 and 800562.
6
Calculate the highest common divisor of 7432094 and 6953.
17
Calculate the highest common factor of 340 and 129715304.
68
Calculate the greatest common factor of 180164 and 14308.
292
Calculate the greatest common factor of 13844694 and 8.
2
What is the greatest common divisor of 120 and 1795792200?
120
What is the greatest common factor of 18414 and 175647054?
2046
Calculate the greatest common divisor of 17178460 and 520.
260
What is the highest common factor of 249573 and 611823?
69
Calculate the highest common divisor of 180409 and 3161.
29
Calculate the greatest common divisor of 5323332 and 501495.
1497
What is the highest common divisor of 10464 and 7815300?
1308
What is the greatest common factor of 930 and 240627890?
310
Calculate the greatest common divisor of 152763186 and 6.
6
Calculate the greatest common divisor of 66 and 9647088.
66
Calculate the highest common factor of 6575600 and 11050.
850
Calculate the greatest common factor of 13673906 and 3448.
862
Calculate the greatest common divisor of 272320 and 8319080.
1480
What is the highest common factor of 605862 and 4?
2
Calculate the greatest common divisor of 12410 and 279625.
5
Calculate the highest common divisor of 1505 and 36964735.
215
What is the greatest common divisor of 16 and 73541336?
8
What is the highest common divisor of 150 and 24599475?
75
What is the greatest common factor of 1693605 and 737265?
345
Calculate the highest common divisor of 747216031 and 1849.
1849
Calculate the highest common factor of 168028 and 872263.
2471
What is the greatest common divisor of 3108 and 1572?
12
What is the highest common divisor of 1729 and 3445232?
133
Calculate the highest common divisor of 353 and 2214016.
353
Calculate the highest common factor of 123471613 and 115.
23
Calculate the highest common factor of 35459 and 3178088.
601
What is the highest common factor of 218803 and 1300?
13
Calculate the greatest common factor of 692950 and 450.
50
Calculate the greatest common factor of 2485 and 123364843.
497
What is the highest common divisor of 255602 and 1637204?
1126
What is the highest common factor of 2491 and 5105281?
47
Calculate the highest common factor of 9633 and 178752.
57
What is the highest common divisor of 50 and 27253825?
25
What is the greatest common divisor of 672480 and 2160?
720
What is the greatest common factor of 6045 and 2281695?
195
Calculate the greatest common divisor of 2760 and 13730760.
120
Calculate the greatest common divisor of 448013890 and 610.
610
What is the greatest common divisor of 541221867 and 9?
9
What is the highest common divisor of 115651420 and 20880?
580
What is the highest common divisor of 3462831 and 2457?
27
What is the highest common factor of 150710 and 306110?
70
Calculate the highest common divisor of 1685414 and 667904.
5218
Calculate the highest common divisor of 45313036 and 12.
4
Calculate the highest common factor of 12 and 843787476.
12
What is the greatest common divisor of 33688018 and 1638?
182
Calculate the greatest common divisor of 15037371 and 486.
9
What is the greatest common factor of 4314088 and 40?
8
What is the highest common divisor of 4347300 and 480?
60
What is the greatest common factor of 2250 and 44719002?
18
What is the highest common factor of 48678 and 23373?
21
Calculate the highest common divisor of 15932 and 812.
28
What is the greatest common factor of 703437 and 763379?
1763
Calculate the highest common divisor of 256125 and 1585.
5
What is the greatest common divisor of 1352691 and 336?
3
Calculate the greatest common divisor of 766105 and 6205.
85
Calculate the greatest common factor of 19363 and 5879416.
289
What is the highest common factor of 91841495 and 1751?
103
What is the highest common divisor of 30464 and 6853504?
896
What is the greatest common divisor of 3618 and 149418?
54
What is the greatest common divisor of 25758 and 340260?
318
Calculate the highest common factor of 1219 and 68943937.
53
What is the highest common factor of 29120 and 54082?
14
What is the highest common factor of 17095 and 43810?
65
What is the highest common factor of 2 and 2018494?
2
Calculate the highest common divisor of 272 and 44897680.
272
What is the greatest common factor of 8039909477 and 4253?
4253
Calculate the highest common divisor of 8667 and 325593189.
8667
What is the greatest common factor of 552 and 18550?
2
Calculate the greatest common factor of 15222 and 1231566.
354
What is the highest common divisor of 1709753549 and 3334?
1667
What is the highest common factor of 121563538 and 49084?
3506
Calculate the greatest common factor of 3213 and 489209.
119
What is the greatest common factor of 15900 and 33891645?
795
Calculate the greatest common factor of 27273443 and 355.
71
What is the greatest common divisor of 1841922043 and 26?
13
Calculate the greatest common factor of 57460 and 1513.
17
Calculate the greatest common divisor of 39771030 and 1560.
390
What is the highest common factor of 498 and 462605646?
498
What is the greatest common factor of 75 and 788865?
15
What is the greatest common divisor of 3998238 and 13776?
246
Calculate the highest common factor of 28690319 and 7.
7
Calculate the highest common divisor of 2056575 and 204.
51
Calculate the greatest common factor of 792 and 2288826.
18
What is the highest common factor of 162 and 17244495?
81
What is the greatest common divisor of 1700 and 15726250?
50
Calculate the greatest common factor of 3378624 and 304.
16
Calculate the highest common factor of 400504 and 650.
26
Calculate the highest common divisor of 3037984 and 5552.
16
What is the greatest common divisor of 68744 and 75221800?
5288
Calculate the highest common divisor of 18484 and 165242339.
4621
Calculate the greatest common divisor of 13 and 9405149.
13
What is the highest common factor of 7981 and 295193941?
347
Calculate the greatest common divisor of 140209398 and 228.
114
What is the greatest common divisor of 313128 and 5949?
9
Calculate the greatest common factor of 336492 and